t is the remainder when 8351 is divided by 261?
260
What is the remainder when 2016 is divided by 73?
45
Calculate the remainder when 268671 is divided by 6106.
7
What is the remainder when 19377 is divided by 3222?
45
Calculate the remainder when 168220 is divided by 11.
8
What is the remainder when 34402 is divided by 191?
22
What is the remainder when 3121 is divided by 61?
10
What is the remainder when 10548 is divided by 754?
746
Calculate the remainder when 6584 is divided by 36.
32
Calculate the remainder when 22261 is divided by 455.
421
What is the remainder when 3960092 is divided by 1058?
1056
Calculate the remainder when 171355 is divided by 18.
13
What is the remainder when 4752 is divided by 58?
54
Calculate the remainder when 14182 is divided by 46.
14
What is the remainder when 96992 is divided by 9?
8
What is the remainder when 22652 is divided by 263?
34
What is the remainder when 7757 is divided by 250?
7
Calculate the remainder when 572 is divided by 187.
11
What is the remainder when 103769 is divided by 185?
169
What is the remainder when 4086 is divided by 593?
528
What is the remainder when 21677 is divided by 21577?
100
What is the remainder when 3095 is divided by 932?
299
What is the remainder when 8651 is divided by 1441?
5
What is the remainder when 139933 is divided by 46643?
4
What is the remainder when 17872 is divided by 177?
172
What is the remainder when 24605 is divided by 440?
405
What is the remainder when 4739 is divided by 91?
7
Calculate the remainder when 49318 is divided by 182.
178
Calculate the remainder when 12781 is divided by 166.
165
Calculate the remainder when 337 is divided by 32.
17
What is the remainder when 80617 is divided by 91?
82
Calculate the remainder when 46744 is divided by 11680.
24
Calculate the remainder when 2763 is divided by 1344.
75
What is the remainder when 833193 is divided by 273?
270
What is the remainder when 2904332 is divided by 1944?
1940
Calculate the remainder when 79201 is divided by 39599.
3
What is the remainder when 82749 is divided by 215?
189
What is the remainder when 4809 is divided by 40?
9
What is the remainder when 28773 is divided by 66?
63
What is the remainder when 48482 is divided by 38?
32
Calculate the remainder when 446 is divided by 30.
26
What is the remainder when 37667 is divided by 139?
137
Calculate the remainder when 8296 is divided by 92.
16
Calculate the remainder when 1771 is divided by 958.
813
What is the remainder when 8314 is divided by 146?
138
Calculate the remainder when 11419 is divided by 4.
3
What is the remainder when 2940 is divided by 432?
348
What is the remainder when 198141 is divided by 9?
6
Calculate the remainder when 23091 is divided by 7549.
444
What is the remainder when 94064 is divided by 156?
152
What is the remainder when 6535 is divided by 77?
67
Calculate the remainder when 58033 is divided by 183.
22
Calculate the remainder when 76818 is divided by 26.
14
Calculate the remainder when 840 is divided by 486.
354
What is the remainder when 841 is divided by 171?
157
What is the remainder when 326528 is divided by 941?
1
Calculate the remainder when 338829 is divided by 270.
249
What is the remainder when 2901 is divided by 701?
97
What is the remainder when 38007 is divided by 505?
132
Calculate the remainder when 1314 is divided by 155.
74
What is the remainder when 3531 is divided by 31?
28
Calculate the remainder when 2594 is divided by 131.
105
What is the remainder when 1088 is divided by 238?
136
What is the remainder when 63658 is divided by 63644?
14
What is the remainder when 2202 is divided by 63?
60
What is the remainder when 14186 is divided by 23?
18
Calculate the remainder when 1124 is divided by 72.
44
What is the remainder when 127674 is divided by 33?
30
Calculate the remainder when 12518 is divided by 479.
64
What is the remainder when 2653 is divided by 2567?
86
Calculate the remainder when 206 is divided by 37.
21
Calculate the remainder when 3655 is divided by 1217.
4
What is the remainder when 2152 is divided by 1471?
681
What is the remainder when 14706 is divided by 2872?
346
Calculate the remainder when 92977 is divided by 20.
17
Calculate the remainder when 219436 is divided by 954.
16
Calculate the remainder when 2138 is divided by 125.
13
Calculate the remainder when 1467903 is divided by 128.
127
What is the remainder when 8354 is divided by 318?
86
Calculate the remainder when 48157 is divided by 22.
21
What is the remainder when 114532 is divided by 54?
52
What is the remainder when 8040 is divided by 978?
216
Calculate the remainder when 171 is divided by 162.
9
Calculate the remainder when 7643 is divided by 858.
779
What is the remainder when 1220 is divided by 135?
5
Calculate the remainder when 119923 is divided by 235.
73
Calculate the remainder when 11067577 is divided by 9.
7
Calculate the remainder when 15194 is divided by 137.
124
What is the remainder when 9671 is divided by 211?
176
What is the remainder when 272798 is divided by 160?
158
What is the remainder when 27059 is divided by 2?
1
Calculate the remainder when 24162 is divided by 135.
132
Calculate the remainder when 2119 is divided by 33.
7
What is the remainder when 102383 is divided by 7311?
29
What is the remainder when 38618 is divided by 690?
668
What is the remainder when 49939 is divided by 24909?
121
Calculate the remainder when 622 is divided by 116.
42
What is the remainder when 2436 is divided by 445?
211
What is the remainder when 22618 is divided by 95?
8
Calculate the remainder when 10199 is divided by 1454.
21
Calculate the remainder when 5862 is divided by 345.
342
Calculate the remainder when 590 is divided by 289.
12
What is the remainder when 52852 is divided by 789?
778
What is the remainder when 2422 is divided by 484?
2
What is the remainder when 9699 is divided by 4848?
3
Calculate the remainder when 8180 is divided by 31.
27
Calculate the remainder when 80598 is divided by 100.
98
Calculate the remainder when 7538 is divided by 1881.
14
Calculate the remainder when 115661 is divided by 1542.
11
What is the remainder when 2900 is divided by 196?
156
Calculate the remainder when 2108 is divided by 300.
8
What is the remainder when 80246 is divided by 511?
19
What is the remainder when 2778 is divided by 1384?
10
What is the remainder when 237437 is divided by 848?
845
What is the remainder when 160078 is divided by 94?
90
What is the remainder when 42343 is divided by 69?
46
Calculate the remainder when 7040 is divided by 63.
47
What is the remainder when 45466 is divided by 3492?
70
What is the remainder when 788 is divided by 249?
41
Calculate the remainder when 91907 is divided by 657.
584
Calculate the remainder when 231706 is divided by 231654.
52
What is the remainder when 984925 is divided by 52?
45
Calculate the remainder when 23564 is divided by 505.
334
Calculate the remainder when 17014 is divided by 77.
74
What is the remainder when 107357 is divided by 2977?
185
What is the remainder when 302 is divided by 63?
50
Calculate the remainder when 34923 is divided by 154.
119
What is the remainder when 454738 is divided by 530?
528
What is the remainder when 4277 is divided by 702?
65
What is the remainder when 21972 is divided by 2441?
3
What is the remainder when 126902 is divided by 81?
56
Calculate the remainder when 23922 is divided by 868.
486
What is the remainder when 218 is divided by 218?
0
What is the remainder when 34917 is divided by 2494?
1
Calculate the remainder when 80 is divided by 31.
18
What is the remainder when 7056 is divided by 79?
25
What is the remainder when 2166 is divided by 324?
222
What is the remainder when 408239 is divided by 61?
27
What is the remainder when 1153 is divided by 106?
93
What is the remainder when 177929 is divided by 687?
683
Calculate the remainder when 197150 is divided by 1332.
14
What is the remainder when 18485 is divided by 22?
5
What is the remainder when 85887 is divided by 45?
27
Calculate the remainder when 49370 is divided by 88.
2
What is the remainder when 416862 is divided by 52107?
6
What is the remainder when 1173923 is divided by 277?
274
Calculate the remainder when 257311 is divided by 5718.
1
Calculate the r